 to base 3.
20020010221
What is -b286 (base 14) in base 7?
-155326
Convert 227a9 (base 15) to base 11.
75499
Convert 22022021120001 (base 3) to base 2.
10000110101110000100101
Convert 976e8 (base 15) to base 8.
1653062
What is 563555 (base 7) in base 15?
1e855
Convert -13cca (base 14) to base 16.
-c01a
Convert -4b420 (base 12) to base 14.
-29532
793759 (base 10) to base 2
11000001110010011111
Convert 20421034 (base 5) to base 2.
101001100010100000
What is 796a1 (base 15) in base 8?
1362313
90608 (base 12) to base 15
3a84b
What is -14213a (base 11) in base 12?
-a8889
18642364 (base 9) to base 2
100011111011000001011010
Convert -546716 (base 11) to base 9.
-1570062
What is 10221121002 (base 3) in base 6?
1355432
-172243 (base 10) to base 9
-282241
200302031323 (base 4) to base 7
133023160
Convert -954f7 (base 16) to base 8.
-2252367
-5de356 (base 15) to base 8
-21132736
What is 2155730 (base 9) in base 16?
11af3f
Convert 2040022 (base 5) to base 2.
1000001111100010
2a3a939 (base 12) to base 13
1a00820
What is -101222211221012 (base 3) in base 14?
-ac1490
Convert -1b77 (base 16) to base 4.
-1231313
Convert -371522 (base 11) to base 3.
-1002212000222
Convert 120102 (base 7) to base 10.
21660
33141 (base 15) to base 16
279ee
Convert -19e38 (base 15) to base 12.
-4088b
What is 280554 (base 12) in base 6?
22123344
132aa (base 13) to base 3
1210212122
32576 (base 15) to base 3
22010021210
Convert -10010100120 (base 3) to base 5.
-3431434
-5052012 (base 6) to base 12
-b7008
-2021124 (base 7) to base 11
-154776
Convert -1907433 (base 10) to base 12.
-77ba09
Convert -163202242 (base 7) to base 5.
-10314442214
What is -4614561 (base 10) in base 2?
-10001100110100110100001
What is -462547 (base 8) in base 10?
-157031
What is 1043233402 (base 5) in base 11?
1345973
516ae (base 15) to base 3
111002221002
-176342 (base 9) to base 14
-2bd4b
What is -105023252 (base 8) in base 15?
-18c74c4
101a980 (base 13) to base 8
22471165
What is 631336 (base 7) in base 8?
324022
Convert 414404204 (base 5) to base 16.
1a2fd3
Convert -120332533 (base 7) to base 12.
-260322a
-13885022 (base 9) to base 13
-157a3c3
What is -5573912 (base 11) in base 15?
-cd0012
What is 103de (base 16) in base 15?
14aa1
What is -2220102210 (base 3) in base 2?
-1101111101011100
Convert -4538149 (base 10) to base 13.
-c2b7c5
Convert 430244323 (base 6) to base 3.
112021002210120
Convert -1222332203 (base 4) to base 13.
-1245a1
Convert 16b5998 (base 12) to base 15.
6329ee
1001102210211 (base 3) to base 8
2105164
Convert -1634526 (base 7) to base 12.
-ab683
-386258 (base 11) to base 10
-608572
Convert -21673 (base 16) to base 9.
-227611
72323 (base 13) to base 11
12aa04
What is -3308c (base 14) in base 6?
-2352124
Convert 101111001111001110 (base 2) to base 12.
93b7a
-d668b5 (base 14) to base 13
-166677a
What is 102113232 (base 4) in base 11?
51596
Convert -1300677 (base 8) to base 11.
-227167
What is -55507 (base 10) in base 12?
-28157
What is -1154304 (base 9) in base 14?
-124430
102111010012 (base 3) to base 4
313030130
-16a7a (base 16) to base 4
-112221322
Convert 44055240 (base 6) to base 8.
5006350
Convert -1105555 (base 7) to base 16.
-21508
-25344536 (base 7) to base 8
-10606250
What is 112101012111020 (base 3) in base 5?
3424003011
-3212210200 (base 4) to base 12
-396654
Convert -1102101233 (base 4) to base 15.
-69cc2
What is 1011 (base 4) in base 5?
234
Convert 6635453 (base 10) to base 14.
c4a24d
-2200121202 (base 3) to base 7
-310226
-1d06d (base 15) to base 13
-340a2
Convert 1334332 (base 5) to base 16.
6b4b
What is 21776 (base 8) in base 10?
9214
-10111101100100010 (base 2) to base 7
-552653
Convert -1330120211 (base 4) to base 12.
-206a05
-5c77e (base 16) to base 8
-1343576
-2055 (base 7) to base 9
-886
22123120231 (base 4) to base 8
12333055
-a79351 (base 12) to base 14
-4cd7d3
Convert 1bc83a (base 13) to base 4.
2232020031
Convert -1660753 (base 8) to base 10.
-483819
-3246236 (base 9) to base 3
-10021120021020
Convert 2a2b411 (base 12) to base 8.
40403215
What is -4c4b32 (base 16) in base 6?
-255100030
What is -112222100202220 (base 3) in base 7?
-124436151
76515444 (base 8) to base 11
92a8421
91461c (base 15) to base 2
11010010100100010100101
-112210013231 (base 4) to base 15
-7bc962
265cbc (base 14) to base 3
2111011222010
Convert 111110111111110010011 (base 2) to base 16.
1f7f93
Convert 232848 (base 10) to base 14.
60c00
What is 283816 (base 15) in base 13?
52a0a9
What is -61857e (base 16) in base 13?
-142a072
What is -296635 (base 11) in base 5?
-104300441
What is 151641 (base 15) in base 7?
11434564
What is 321647 (base 9) in base 8?
566047
35302 (base 10) to base 13
130b7
What is 6413123 (base 7) in base 6?
24351242
Convert -187a893 (base 11) to base 10.
-3176836
What is 12202222221 (base 3) in base 15?
23a67
Convert 1846941 (base 10) to base 12.
7509b9
What is -216536 (base 15) in base 9?
-2884146
4d9d (base 15) to base 6
204421
47155a (base 11) to base 7
6235530
-44140 (base 8) to base 7
-105006
-111100100011111111 (base 2) to base 16
-3c8ff
What is 32c60a (base 13) in base 12?
499619
Convert 316114 (base 7) to base 5.
3224230
What is -22a201 (base 13) in base 14?
-1757d7
What is 739475 (base 12) in base 8?
6743131
What is 10a77f (base 16) in base 9?
2043167
Convert -11203346 (base 7) to base 6.
-32530332
1ce7b (base 16) to base 15
25130
What is -1213131143 (base 5) in base 13?
-793acb
Convert -1500303 (base 10) to base 13.
-406b6c
What is 843b3 (base 12) in base 6?
3414343
-114422012 (base 6) to base 9
-4082738
What is -31401a (base 12) in base 13?
-2114b3
41743 (base 11) to base 4
32311311
-140030342 (base 7) to base 2
-100010100101011101110001
58b17 (base 15) to base 6
10020234
What is -1b12d (base 16) in base 3?
-12122010011
What is 21100020 (base 5) in base 14?
47aca
Convert -11305347 (base 8) to base 10.
-2460391
What is -5a5628 (base 13) in base 5?
-1022412413
Convert 52603 (base 11) to base 6.
1350340
What is -3420543 (base 6) in base 10?
-173871
102021221100 (base 3) to base 15
45d00
What is 2636504 (base 7) in base 3?
122120010212
What is -1521010 (base 14) in base 10?
-10298246
What is 272660 (base 9) in base 13?
5a750
What is 2032331 (base 4) in base 3?
110112212
11551141 (base 7) to base 5
231201103
-103144320 (base 5) to base 11
-283403
What is 111102220021020 (base 3) in base 4?
123033320121
1332901 (base 11) to base 4
20302012311
What is -1037454 (base 11) in base 8?
-6755100
Convert -1683865 (base 10) to base 8.
-6330631
1515441 (base 6) to base 7
514540
Convert -3125040 (base 6) to base 12.
-73780
-215504304 (base 6) to base 13
-a6c996
Convert -4533241 (base 11) to base 14.
-10a9698
34113 (base 12) to base 11
48061
What is -42d308 (base 15) in base 8?
-14111314
What is -23310103302 (base 4) in base 6?
-150221510
Convert 7b00b (base 15) to base 8.
1374527
What is -122251350 (base 6) in base 15?
-317c76
6014d (base 15) to base 10
304048
101101101100110101 (base 2) to base 3
100111202221
What is 13123200 (base 5) in base 12?
63148
What is -10010101101010011110110 (base 2) in base 16?
-4ad4f6
What is -2538 (base 9) in base 5?
-30043
13401 (base 7) to base 12
2123
Convert -1951118 (base 11) to base 14.
-61b0ac
48c4 (base 13) to base 5
312200
Convert 46747 (base 9) to base 12.
160a4
Convert -11001000100011001 (base 2) to base 16.
-19119
3537 (base 12) to base 5
142242
-4004720 (base 12) to base 10
-11951880
What is 1111030031 (base 4) in base 13?
c2a98
a48b3 (base 13) to base 6
10201520
What is -628486 (base 9) in base 8?
-1331622
Convert 40241433 (base 6) to base 12.
470279
What is 2478e8 (base 15) in base 7?
20563661
116e67 (base 16) to base 9
2131035
What is -150414324 (base 6) in base 13?
-84ca33
Convert 12316434 (base 7) to base 14.
20dd54
What is 2d41dc (base 14) in base 13?
437116
Convert -35c7c (base 13) to base 15.
-1e419
What is -5202460 (base 7) in base 15?
-c47dd
1dcc57 (base 14) to base 6
34553405
Convert 252303 (base 10) to base 6.
5224023
-a8921b (base 13) to base 6
-220524305
What is 77101 (base 8) in base 16?
7e41
What is -1881379 (base 10) in base 3?
-10112120202201
Convert -3160434 (base 9) to base 7.
-20251063
Convert -2211210101 (base 3) to base 8.
-155255
Convert 1160564 (base 7) to base 11.
a2074
What is -286009 (base 10) in base 5?
-3